750 is divided by 157.
81
Calculate the remainder when 772925 is divided by 1434.
1433
Calculate the remainder when 25355 is divided by 1162.
953
Calculate the remainder when 159584 is divided by 5319.
14
What is the remainder when 2545 is divided by 148?
29
Calculate the remainder when 1011 is divided by 102.
93
What is the remainder when 652904 is divided by 165?
164
What is the remainder when 77705 is divided by 127?
108
Calculate the remainder when 195551 is divided by 48.
47
Calculate the remainder when 13136 is divided by 4307.
215
Calculate the remainder when 12403 is divided by 344.
19
What is the remainder when 1371 is divided by 471?
429
Calculate the remainder when 598174 is divided by 372.
370
What is the remainder when 39107 is divided by 259?
257
Calculate the remainder when 39151 is divided by 19527.
97
Calculate the remainder when 10808 is divided by 2158.
18
What is the remainder when 3604 is divided by 54?
40
Calculate the remainder when 6314 is divided by 2100.
14
Calculate the remainder when 543489 is divided by 9.
6
What is the remainder when 13827 is divided by 421?
355
Calculate the remainder when 136293 is divided by 28.
17
What is the remainder when 53444 is divided by 996?
656
Calculate the remainder when 48948 is divided by 63.
60
Calculate the remainder when 4928 is divided by 291.
272
Calculate the remainder when 13810 is divided by 494.
472
Calculate the remainder when 72705 is divided by 51.
30
Calculate the remainder when 536399 is divided by 300.
299
Calculate the remainder when 11271 is divided by 67.
15
Calculate the remainder when 3974 is divided by 3964.
10
What is the remainder when 8163 is divided by 1570?
313
Calculate the remainder when 305073 is divided by 356.
337
What is the remainder when 12907 is divided by 22?
15
Calculate the remainder when 27582 is divided by 468.
438
What is the remainder when 10681 is divided by 58?
9
What is the remainder when 11248 is divided by 455?
328
Calculate the remainder when 430386 is divided by 681.
675
Calculate the remainder when 1880733 is divided by 858.
855
What is the remainder when 362765 is divided by 618?
617
What is the remainder when 138554 is divided by 4075?
4
Calculate the remainder when 12822 is divided by 138.
126
What is the remainder when 599000 is divided by 252?
248
Calculate the remainder when 26454 is divided by 1202.
10
Calculate the remainder when 3508 is divided by 206.
6
Calculate the remainder when 1683 is divided by 277.
21
Calculate the remainder when 284085 is divided by 399.
396
Calculate the remainder when 68873 is divided by 17162.
225
What is the remainder when 3753790 is divided by 14?
12
Calculate the remainder when 5389 is divided by 165.
109
Calculate the remainder when 263615 is divided by 38.
9
What is the remainder when 6559 is divided by 79?
2
What is the remainder when 163755 is divided by 460?
455
What is the remainder when 51714 is divided by 7?
5
What is the remainder when 7438 is divided by 675?
13
What is the remainder when 198812 is divided by 654?
650
Calculate the remainder when 129560 is divided by 74.
60
What is the remainder when 7741607 is divided by 29?
28
What is the remainder when 45200 is divided by 29?
18
Calculate the remainder when 298248 is divided by 378.
6
Calculate the remainder when 61181 is divided by 20373.
62
Calculate the remainder when 94366 is divided by 23.
20
What is the remainder when 92404 is divided by 11550?
4
Calculate the remainder when 193263 is divided by 81.
78
Calculate the remainder when 117 is divided by 27.
9
What is the remainder when 1997 is divided by 143?
138
What is the remainder when 7160 is divided by 475?
35
What is the remainder when 200252 is divided by 448?
444
Calculate the remainder when 1075 is divided by 313.
136
Calculate the remainder when 13560 is divided by 4479.
123
What is the remainder when 21163 is divided by 148?
147
Calculate the remainder when 41391 is divided by 13797.
0
What is the remainder when 106971 is divided by 30?
21
What is the remainder when 7487 is divided by 46?
35
What is the remainder when 4375 is divided by 45?
10
What is the remainder when 173991 is divided by 86982?
27
Calculate the remainder when 2071 is divided by 665.
76
Calculate the remainder when 1776 is divided by 160.
16
Calculate the remainder when 2004992 is divided by 25.
17
What is the remainder when 1733 is divided by 1701?
32
What is the remainder when 564438 is divided by 528?
6
What is the remainder when 4968 is divided by 24?
0
Calculate the remainder when 278 is divided by 193.
85
Calculate the remainder when 135443 is divided by 4.
3
What is the remainder when 300465 is divided by 37557?
9
What is the remainder when 17070 is divided by 16976?
94
What is the remainder when 3743 is divided by 44?
3
Calculate the remainder when 25705 is divided by 33.
31
What is the remainder when 1350 is divided by 432?
54
What is the remainder when 1204187 is divided by 6?
5
Calculate the remainder when 5919 is divided by 1924.
147
What is the remainder when 1050 is divided by 818?
232
What is the remainder when 586 is divided by 539?
47
What is the remainder when 16918 is divided by 891?
880
What is the remainder when 2875042 is divided by 79?
74
Calculate the remainder when 3283 is divided by 43.
15
What is the remainder when 35922 is divided by 75?
72
Calculate the remainder when 23558 is divided by 2354.
18
Calculate the remainder when 1420 is divided by 8.
4
What is the remainder when 73825 is divided by 18?
7
Calculate the remainder when 160802 is divided by 65.
57
Calculate the remainder when 7612 is divided by 1763.
560
Calculate the remainder when 12403 is divided by 97.
84
What is the remainder when 1967 is divided by 483?
35
Calculate the remainder when 1872 is divided by 157.
145
Calculate the remainder when 10978 is divided by 180.
178
What is the remainder when 263242 is divided by 386?
376
Calculate the remainder when 3289 is divided by 1020.
229
What is the remainder when 43994 is divided by 14641?
71
Calculate the remainder when 1380275 is divided by 44.
39
What is the remainder when 5621 is divided by 5140?
481
Calculate the remainder when 33844 is divided by 546.
538
What is the remainder when 52397 is divided by 26033?
331
Calculate the remainder when 153 is divided by 106.
47
What is the remainder when 51317 is divided by 1453?
462
Calculate the remainder when 416352 is divided by 293.
292
Calculate the remainder when 1321774 is divided by 25.
24
Calculate the remainder when 1489 is divided by 106.
5
Calculate the remainder when 775 is divided by 615.
160
What is the remainder when 623397 is divided by 27?
21
Calculate the remainder when 1964 is divided by 1958.
6
Calculate the remainder when 350317 is divided by 878.
873
What is the remainder when 176784 is divided by 54?
42
Calculate the remainder when 169943 is divided by 61.
58
What is the remainder when 687233 is divided by 40?
33
Calculate the remainder when 111580 is divided by 22.
18
Calculate the remainder when 141246 is divided by 192.
126
What is the remainder when 4523 is divided by 4497?
26
Calculate the remainder when 3736 is divided by 178.
176
What is the remainder when 13673 is divided by 1139?
5
What is the remainder when 110017 is divided by 55000?
17
What is the remainder when 44096 is divided by 4361?
486
What is the remainder when 136080 is divided by 62?
52
Calculate the remainder when 113996 is divided by 481.
480
What is the remainder when 4735292 is divided by 19?
17
What is the remainder when 996777 is divided by 1358?
5
Calculate the remainder when 354 is divided by 18.
12
What is the remainder when 555232 is divided by 7503?
10
What is the remainder when 121588 is divided by 455?
103
Calculate the remainder when 16282 is divided by 179.
172
Calculate the remainder when 70222 is divided by 28.
26
Calculate the remainder when 53794 is divided by 237.
232
Calculate the remainder when 425554 is divided by 12.
10
Calculate the remainder when 128650 is divided by 12.
10
What is the remainder when 58986 is divided by 85?
81
Calculate the remainder when 22032 is divided by 479.
477
What is the remainder when 3002 is divided by 730?
82
Calculate the remainder when 14979 is divided by 4985.
